r when t is divided by l?
10
Suppose 13*h = -12*h + 1300. What is the remainder when h is divided by 37?
15
Suppose 2*m - 16 - 74 = 0. Let n = -36 + m. Calculate the remainder when n is divided by 7.
2
Let f(k) = k**2 + k + 1. Let m(l) = 18*l - 18. Let j be m(5). Suppose j = -2*r + 4*r. What is the remainder when r is divided by f(-4)?
10
Suppose 8*s - 22*s + 2044 = 0. Calculate the remainder when s is divided by 30.
26
Let z(w) = -w**3 + 11*w**2 - 9*w - 6. Let f be z(10). Let k be f/(4 + (-46)/12). Let r = k + 11. What is the remainder when r is divided by 19?
16
Let b be 0 + (93 - 1)/2. Let n = 64 - b. What is the remainder when n is divided by (0 - 1)/(-2*(-5)/(-70))?
4
Let a = 108 + 349. What is the remainder when a is divided by 14?
9
Let b(z) = -6*z. Let h be b(-1). Let p(i) = -i**2 + 8*i. Calculate the remainder when p(h) is divided by -10*(-5)/10 - (3 - 2).
0
Suppose -2*j = 4*y - y - 68, -24 = -j - 4*y. Calculate the remainder when j is divided by (1/(-3))/(7/(-294)).
12
Suppose -13*i + 810 = 5*i. What is the remainder when 132 is divided by i?
42
Suppose -3*g - 5*r + 83 = 0, -44*g = -40*g + 3*r - 107. What is the remainder when 540 is divided by g?
20
Let s = -1 - -1. Suppose 0 = -5*c - 2*o + 53, s = -c - 0*o + o + 5. Let g = 2405 - 2370. Calculate the remainder when g is divided by c.
8
Let z = -457 - -640. Suppose 190*w - 179*w - 506 = 0. What is the remainder when z is divided by w?
45
Suppose 20 = 13*g - 18*g. Let a = g - -72. Calculate the remainder when a is divided by 7.
5
Let h = 442 + -426. What is the remainder when 50 is divided by h?
2
Suppose 10*v + 742 = 17*v. Let o = v + -54. What is the remainder when o is divided by 12?
4
Let x(u) = 3*u**2 - 13*u + 47. What is the remainder when 512 is divided by x(4)?
39
Calculate the remainder when -129 + 120 + (-256)/(-1) is divided by 104.
39
Suppose -v = 2*h - 291, -67 - 221 = -2*h - 2*v. Let d = h - 105. What is the remainder when d is divided by 11?
9
Calculate the remainder when 115 + 11 + 1 + -13 is divided by 21.
9
Suppose -n + 35 = 3*f, 63 = 4*n - n - 5*f. Let o = n - 15. Let x(t) = 20*t**3 + t**2 - 2*t + 1. What is the remainder when x(1) is divided by o?
9
Let s(c) = 0*c + 7 - 4*c + 6*c. Let m be s(-6). Let f = 17 + m. What is the remainder when f is divided by 4?
0
Let w(z) = -z**2 - 13*z + 3. Let d be w(-12). Suppose -d - 9 = -6*m. Calculate the remainder when 10 is divided by m.
2
Suppose -3*l - 1230 = -3*n, -2*l - 4 = -0*l. Suppose -n = -6*b - 0*b. Suppose -3*m = m - b. Calculate the remainder when m is divided by 10.
7
Let k(w) = 1 - 6 + 5*w - 6 - 4. Calculate the remainder when 38 is divided by k(7).
18
What is the remainder when 163 is divided by 319/(-87) + 158/3?
16
Let g(x) = -x**2 - 2*x + 11. Let p be g(2). Suppose z = -p*z + 24. Calculate the remainder when 12 is divided by z.
0
Let n(v) = v**3 - v**2 - 3*v + 4. Let b be n(5). Suppose 5*h + 129 = 4*q, 0*q - b = -3*q - 4*h. Calculate the remainder when q is divided by 17.
14
Suppose -b - 9 + 41 = 0. What is the remainder when b is divided by 74/10 - (-6)/(-15)?
4
Suppose -19 = -8*f + 101. Calculate the remainder when 175 is divided by f.
10
Suppose 2*n = -h + 2*h + 10, 0 = -2*h - n - 20. Let d = -12 - h. Let y = d + 16. What is the remainder when 40 is divided by y?
12
Let q(n) = n**3 + 9*n**2 + 12*n - 10. Let b be q(-7). Suppose -b*c + 27 = -3*c. What is the remainder when c is divided by 7?
6
Let v(f) = f**2 - 8*f + 9. Let p be v(10). Let y = p - 31. What is the remainder when 47 is divided by (-35)/y + (-2)/4?
13
Let s = -29 - -30. What is the remainder when 7 is divided by s?
0
Suppose w = -12*w + 4342. Calculate the remainder when w is divided by 114.
106
Let c(k) be the third derivative of k**4/8 - 11*k**3/6 - 35*k**2. What is the remainder when 77 is divided by c(8)?
12
Suppose -18 = -2*k - 4*g, -27 = -3*k - g - 2*g. Let a(b) = 4*b + b - b + b**2 - k*b + 6. What is the remainder when 4 is divided by a(4)?
0
What is the remainder when 180 is divided by (1 - 36)*(371/35 + -11)?
12
Let w(v) = v**3 + 6*v**2 + v - 10. Let z be w(-5). Suppose z*q - 36 = 6*q. Suppose q = n - 4. What is the remainder when n is divided by 4?
1
Suppose 2*r - 17 = -1. Calculate the remainder when (-3)/(-4)*(-57 + 85) is divided by r.
5
Suppose 0 = z - 3*r + r - 29, -3*z + 37 = 4*r. Let m(l) = -468*l + 472. What is the remainder when z is divided by m(1)?
3
Suppose -37 = 2*o - 129. Calculate the remainder when (-8)/6 - o/(-3) is divided by 4.
2
Suppose 6*j + w - 84 = 3*j, -5*j + 130 = 5*w. Let v(a) = 2*a**3 - 1. Calculate the remainder when j is divided by v(2).
14
Let h(b) = 9*b - 36. Let u be (-412)/(-9) - (-2)/9. Suppose 4*x + u = 6*x. What is the remainder when h(9) is divided by x?
22
What is the remainder when 24 is divided by (-62)/(-5) + 8/5?
10
Suppose 0 = 3*m - 4*u - 58, 0*m - u + 66 = 5*m. Suppose 0*d + 25 = k + d, -d + 125 = 5*k. What is the remainder when k is divided by m?
11
Let j(s) be the third derivative of 19/6*s**3 - 1/24*s**4 + 0 + 1/120*s**6 - 1/60*s**5 - 4*s**2 + 0*s. Calculate the remainder when 74 is divided by j(0).
17
Let y(z) be the third derivative of -z**5/60 - 7*z**4/8 + 11*z**3/6 + 3*z**2. What is the remainder when y(-18) is divided by 34?
31
Suppose 2*a + u = 4, -3*u - 4 = 2*a - 6*u. What is the remainder when a/((2/(-3))/((-212)/6)) is divided by 14?
11
Suppose 106 = -13*n + 301. Calculate the remainder when 266 is divided by n.
11
Let r = -440 + 775. Calculate the remainder when r is divided by 10.
5
Let d(j) = 23*j - 73. Let a = -7 - -12. Calculate the remainder when d(4) is divided by a.
4
Suppose -36 + 0 = -4*k. Suppose -o = -101 + k. Suppose 281*y - 284*y + 57 = 0. What is the remainder when o is divided by y?
16
Let p(s) be the first derivative of s**2/2 - 9*s - 4. Let b be p(9). Suppose 7*x - x - 270 = b. Calculate the remainder when x is divided by 16.
13
Suppose 20*u - 3499 - 3041 = 0. Calculate the remainder when u is divided by 11.
8
Let d = 1146 + -1067. Calculate the remainder when 84 is divided by d.
5
Let m(g) = g**2 + 25*g + 153. Calculate the remainder when m(-19) is divided by (-86)/(-6) + (-2)/6.
11
Calculate the remainder when (520/(-6))/((-2)/3) + -4 is divided by 43.
40
Let u = 10 - 1. Suppose 3*g - 3 = j - 23, -3*g = 12. What is the remainder when 72/2*j/12 is divided by u?
6
Let d(m) = m**3 + 6*m**2 - 10*m - 27. Let v be d(-6). Calculate the remainder when 62 is divided by (-4)/22 - (-1095)/v.
29
Let v = 492 - 487. Calculate the remainder when 407 is divided by v.
2
Let g(u) = -15*u - 16. Let r be g(-8). Suppose r = 5*j - 6. Let y(c) = 2*c**2 + 5*c + 2. Calculate the remainder when y(-7) is divided by j.
21
Suppose -2*h - 20 = -5*w, 3*w + 10*h = 14*h + 12. Let o = 1 + w. Let p(c) = -c**3 - 4*c**2 + 2*c - 1. What is the remainder when p(-5) is divided by o?
4
Suppose 3*d - 8 = u + 10, u + 8 = d. Suppose o = -h + 28, 2*h + 11 = o - d. Calculate the remainder when 67 is divided by o.
19
Let g(t) = 2*t**2 - 10*t + 234. Calculate the remainder when g(14) is divided by 35.
31
Calculate the remainder when 108 is divided by 4/2*-1 + (110 - 53).
53
Suppose 0 = 2*i - 62 + 24. Calculate the remainder when 245 is divided by i.
17
Let i = 31 - 34. Let f be 3 - 4/2 - i. Suppose -s = -d + 3*s + 26, 0 = -d - f*s + 66. Calculate the remainder when d is divided by 24.
22
Let p = -1597 + 1813. Calculate the remainder when p is divided by 74.
68
Let m = 87 - 81. Calculate the remainder when 65 is divided by m.
5
Let i = 4 - 4. Suppose 13 = z + 5*r - 7, 3*z - 5*r - 20 = i. Let d = 32 - -7. Calculate the remainder when d is divided by z.
9
Let g = 25 - 32. What is the remainder when 93 is divided by 6 - 0/(-2)*g/14?
3
Suppose 90 = -4*f - f. Suppose 0 = 4*z + 3*r - 88, 2*z - 2*r - 2*r - 66 = 0. Calculate the remainder when 72/10*(-120)/f is divided by z.
23
Suppose -46*m + 1395 = -767. What is the remainder when 253 is divided by m?
18
Let q(y) = -y**2 + 12*y + 4. Let c(b) = -b + 5. Let r be c(5). Suppose r*g - 26 = -2*g. What is the remainder when q(8) is divided by g?
10
Suppose 3*l - 219 - 72 = 0. Let u = -317 - -352. Calculate the remainder when l is divided by u.
27
Let q(c) = c**2 + 10*c + 19. Let t be q(-5). What is the remainder when 2/t + -3 + 196/12 is divided by 7?
6
Let f(x) = -x*